[INFO] fetching crate fast_rsync 0.1.1...
[INFO] checking fast_rsync-0.1.1 against try#72f88fc4e9458f89516a0b8b0868f3718aec5b47 for pr-74989
[INFO] extracting crate fast_rsync 0.1.1 into /workspace/builds/worker-8/source
[INFO] validating manifest of crates.io crate fast_rsync 0.1.1 on toolchain 72f88fc4e9458f89516a0b8b0868f3718aec5b47
[INFO] running `Command { std: "/workspace/cargo-home/bin/cargo" "+72f88fc4e9458f89516a0b8b0868f3718aec5b47" "read-manifest" "--manifest-path" "Cargo.toml", kill_on_drop: false }`
[INFO] started tweaking crates.io crate fast_rsync 0.1.1
[INFO] finished tweaking crates.io crate fast_rsync 0.1.1
[INFO] tweaked toml for crates.io crate fast_rsync 0.1.1 written to /workspace/builds/worker-8/source/Cargo.toml
[INFO] running `Command { std: "/workspace/cargo-home/bin/cargo" "+72f88fc4e9458f89516a0b8b0868f3718aec5b47" "generate-lockfile" "--manifest-path" "Cargo.toml" "-Zno-index-update", kill_on_drop: false }`
[INFO] running `Command { std: "/workspace/cargo-home/bin/cargo" "+72f88fc4e9458f89516a0b8b0868f3718aec5b47" "fetch" "--locked" "--manifest-path" "Cargo.toml", kill_on_drop: false }`
[INFO] running `Command { std: "docker" "create" "-v" "/var/lib/crater-agent-workspace/builds/worker-8/target:/opt/rustwide/target:rw,Z" "-v" "/var/lib/crater-agent-workspace/builds/worker-8/source:/opt/rustwide/workdir:ro,Z" "-v" "/var/lib/crater-agent-workspace/cargo-home:/opt/rustwide/cargo-home:ro,Z" "-v" "/var/lib/crater-agent-workspace/rustup-home:/opt/rustwide/rustup-home:ro,Z" "-e" "SOURCE_DIR=/opt/rustwide/workdir" "-e" "CARGO_TARGET_DIR=/opt/rustwide/target" "-e" "CARGO_HOME=/opt/rustwide/cargo-home" "-e" "RUSTUP_HOME=/opt/rustwide/rustup-home" "-w" "/opt/rustwide/workdir" "-m" "1610612736" "--user" "0:0" "--network" "none" "rustops/crates-build-env@sha256:d92eaeed33fa75130ca1ee6c8a01d1ffb62bac859dfdfb3450e3e5d1c0146529" "/opt/rustwide/cargo-home/bin/cargo" "+72f88fc4e9458f89516a0b8b0868f3718aec5b47" "metadata" "--no-deps" "--format-version=1", kill_on_drop: false }`
[INFO] [stdout] 26b15f1f1daab4e48840913e2e8980942904d51a756f62b3d7994abcf7fe0e3b
[INFO] [stderr] WARNING: Your kernel does not support swap limit capabilities or the cgroup is not mounted. Memory limited without swap.
[INFO] running `Command { std: "docker" "start" "-a" "26b15f1f1daab4e48840913e2e8980942904d51a756f62b3d7994abcf7fe0e3b", kill_on_drop: false }`
[INFO] running `Command { std: "docker" "inspect" "26b15f1f1daab4e48840913e2e8980942904d51a756f62b3d7994abcf7fe0e3b", kill_on_drop: false }`
[INFO] running `Command { std: "docker" "rm" "-f" "26b15f1f1daab4e48840913e2e8980942904d51a756f62b3d7994abcf7fe0e3b", kill_on_drop: false }`
[INFO] [stdout] 26b15f1f1daab4e48840913e2e8980942904d51a756f62b3d7994abcf7fe0e3b
[INFO] running `Command { std: "docker" "create" "-v" "/var/lib/crater-agent-workspace/builds/worker-8/target:/opt/rustwide/target:rw,Z" "-v" "/var/lib/crater-agent-workspace/builds/worker-8/source:/opt/rustwide/workdir:ro,Z" "-v" "/var/lib/crater-agent-workspace/cargo-home:/opt/rustwide/cargo-home:ro,Z" "-v" "/var/lib/crater-agent-workspace/rustup-home:/opt/rustwide/rustup-home:ro,Z" "-e" "SOURCE_DIR=/opt/rustwide/workdir" "-e" "CARGO_TARGET_DIR=/opt/rustwide/target" "-e" "CARGO_INCREMENTAL=0" "-e" "RUST_BACKTRACE=full" "-e" "RUSTFLAGS=--cap-lints=forbid" "-e" "CARGO_HOME=/opt/rustwide/cargo-home" "-e" "RUSTUP_HOME=/opt/rustwide/rustup-home" "-w" "/opt/rustwide/workdir" "-m" "1610612736" "--user" "0:0" "--network" "none" "rustops/crates-build-env@sha256:d92eaeed33fa75130ca1ee6c8a01d1ffb62bac859dfdfb3450e3e5d1c0146529" "/opt/rustwide/cargo-home/bin/cargo" "+72f88fc4e9458f89516a0b8b0868f3718aec5b47" "check" "--frozen" "--all" "--all-targets" "--message-format=json", kill_on_drop: false }`
[INFO] [stdout] 60789dbe63fb3154db0708de8d23a5942967703bb9eb903bbc459f09aee36013
[INFO] [stderr] WARNING: Your kernel does not support swap limit capabilities or the cgroup is not mounted. Memory limited without swap.
[INFO] running `Command { std: "docker" "start" "-a" "60789dbe63fb3154db0708de8d23a5942967703bb9eb903bbc459f09aee36013", kill_on_drop: false }`
[INFO] [stderr]    Compiling libc v0.2.77
[INFO] [stderr]    Compiling serde v1.0.116
[INFO] [stderr]    Compiling memchr v2.3.3
[INFO] [stderr]    Compiling getrandom v0.1.15
[INFO] [stderr]    Compiling serde_derive v1.0.116
[INFO] [stderr]    Compiling packed_simd v0.3.3
[INFO] [stderr]     Checking ppv-lite86 v0.2.9
[INFO] [stderr]     Checking regex-syntax v0.6.18
[INFO] [stderr]     Checking arrayref v0.3.6
[INFO] [stderr]    Compiling crossbeam-utils v0.7.2
[INFO] [stderr]    Compiling memoffset v0.5.5
[INFO] [stderr]    Compiling crossbeam-epoch v0.8.2
[INFO] [stderr]    Compiling rayon v1.4.0
[INFO] [stderr]     Checking itertools v0.9.0
[INFO] [stderr]     Checking walkdir v2.3.1
[INFO] [stderr]    Compiling cast v0.2.3
[INFO] [stderr]     Checking regex-automata v0.1.9
[INFO] [stderr]     Checking clap v2.33.3
[INFO] [stderr]     Checking plotters v0.2.15
[INFO] [stderr]    Compiling syn v1.0.40
[INFO] [stderr]     Checking csv-core v0.1.10
[INFO] [stderr]     Checking crossbeam-channel v0.4.4
[INFO] [stderr]     Checking criterion-plot v0.4.3
[INFO] [stderr]     Checking crossbeam-deque v0.7.3
[INFO] [stderr]     Checking num_cpus v1.13.0
[INFO] [stderr]     Checking atty v0.2.14
[INFO] [stderr]     Checking rayon-core v1.8.0
[INFO] [stderr]     Checking rand_core v0.5.1
[INFO] [stderr]     Checking regex v1.3.9
[INFO] [stderr]     Checking rand_chacha v0.2.2
[INFO] [stderr]     Checking rand v0.7.3
[INFO] [stderr]     Checking quickcheck v0.9.2
[INFO] [stderr]     Checking serde_json v1.0.57
[INFO] [stderr]     Checking bstr v0.2.13
[INFO] [stderr]     Checking serde_cbor v0.11.1
[INFO] [stderr]     Checking csv v1.1.3
[INFO] [stderr]    Compiling quickcheck_macros v0.9.1
[INFO] [stderr]     Checking tinytemplate v1.1.0
[INFO] [stderr]     Checking criterion v0.3.3
[INFO] [stderr]     Checking fast_rsync v0.1.1 (/opt/rustwide/workdir)
[INFO] [stdout] error[E0433]: failed to resolve: use of undeclared type or module `librsync`
[INFO] [stdout]   --> src/tests.rs:95:5
[INFO] [stdout]    |
[INFO] [stdout] 95 |     librsync::whole::delta(
[INFO] [stdout]    |     ^^^^^^^^ use of undeclared type or module `librsync`
[INFO] [stdout] 
[INFO] [stdout] 
[INFO] [stdout] error[E0433]: failed to resolve: use of undeclared type or module `librsync`
[INFO] [stdout]    --> src/tests.rs:107:5
[INFO] [stdout]     |
[INFO] [stdout] 107 |     librsync::whole::patch(&mut Cursor::new(&base[..]), &mut &patch[..], &mut out).unwrap();
[INFO] [stdout]     |     ^^^^^^^^ use of undeclared type or module `librsync`
[INFO] [stdout] 
[INFO] [stdout] 
[INFO] [stdout] error[E0433]: failed to resolve: use of undeclared type or module `librsync`
[INFO] [stdout]    --> src/tests.rs:121:17
[INFO] [stdout]     |
[INFO] [stdout] 121 |                 librsync::whole::signature_with_options(
[INFO] [stdout]     |                 ^^^^^^^^ use of undeclared type or module `librsync`
[INFO] [stdout] 
[INFO] [stdout] 
[INFO] [stdout] error[E0433]: failed to resolve: use of undeclared type or module `librsync`
[INFO] [stdout]    --> src/tests.rs:126:21
[INFO] [stdout]     |
[INFO] [stdout] 126 |                     librsync::SignatureType::MD4,
[INFO] [stdout]     |                     ^^^^^^^^ use of undeclared type or module `librsync`
[INFO] [stdout] 
[INFO] [stdout] 
[INFO] [stdout] error: aborting due to 4 previous errors
[INFO] [stdout] 
[INFO] [stdout] 
[INFO] [stdout] For more information about this error, try `rustc --explain E0433`.
[INFO] [stdout] 
[INFO] [stderr] error: could not compile `fast_rsync`.
[INFO] [stderr] 
[INFO] [stderr] To learn more, run the command again with --verbose.
[INFO] [stderr] warning: build failed, waiting for other jobs to finish...
[INFO] [stdout] error[E0433]: failed to resolve: use of undeclared type or module `librsync`
[INFO] [stdout]   --> benches/rsync_bench.rs:70:17
[INFO] [stdout]    |
[INFO] [stdout] 70 |                 librsync::whole::signature_with_options(
[INFO] [stdout]    |                 ^^^^^^^^ use of undeclared type or module `librsync`
[INFO] [stdout] 
[INFO] [stdout] 
[INFO] [stdout] error[E0433]: failed to resolve: use of undeclared type or module `librsync`
[INFO] [stdout]   --> benches/rsync_bench.rs:75:21
[INFO] [stdout]    |
[INFO] [stdout] 75 |                     librsync::SignatureType::MD4,
[INFO] [stdout]    |                     ^^^^^^^^ use of undeclared type or module `librsync`
[INFO] [stdout] 
[INFO] [stdout] 
[INFO] [stdout] error[E0433]: failed to resolve: use of undeclared type or module `librsync`
[INFO] [stdout]    --> benches/rsync_bench.rs:123:21
[INFO] [stdout]     |
[INFO] [stdout] 123 |                     librsync::whole::delta(
[INFO] [stdout]     |                     ^^^^^^^^ use of undeclared type or module `librsync`
[INFO] [stdout] 
[INFO] [stdout] 
[INFO] [stdout] error[E0433]: failed to resolve: use of undeclared type or module `librsync`
[INFO] [stdout]    --> benches/rsync_bench.rs:196:17
[INFO] [stdout]     |
[INFO] [stdout] 196 |                 librsync::whole::patch(&mut io::Cursor::new(&data[..]), &mut &delta[..], &mut out)
[INFO] [stdout]     |                 ^^^^^^^^ use of undeclared type or module `librsync`
[INFO] [stdout] 
[INFO] [stdout] 
[INFO] [stdout] error: aborting due to 4 previous errors
[INFO] [stdout] 
[INFO] [stdout] 
[INFO] [stdout] For more information about this error, try `rustc --explain E0433`.
[INFO] [stdout] 
[INFO] [stderr] error: build failed
[INFO] running `Command { std: "docker" "inspect" "60789dbe63fb3154db0708de8d23a5942967703bb9eb903bbc459f09aee36013", kill_on_drop: false }`
[INFO] running `Command { std: "docker" "rm" "-f" "60789dbe63fb3154db0708de8d23a5942967703bb9eb903bbc459f09aee36013", kill_on_drop: false }`
[INFO] [stdout] 60789dbe63fb3154db0708de8d23a5942967703bb9eb903bbc459f09aee36013
